{"id":23,"date":"2016-01-21T14:33:18","date_gmt":"2016-01-21T13:33:18","guid":{"rendered":"http:\/\/osteopathie-wiesbaden.eu\/?page_id=23"},"modified":"2024-04-18T12:09:37","modified_gmt":"2024-04-18T10:09:37","slug":"impressum","status":"publish","type":"page","link":"https:\/\/www.osteopathie-wiesbaden.info\/index.php\/impressum\/","title":{"rendered":"Impressum I Datenschutz"},"content":{"rendered":"<h3><span style=\"color: #333333;\">Anschrift<\/span><\/h3>\n<p>&nbsp;<\/p>\n<h5 class=\"p1\">Praxis f\u00fcr Osteopathie im Nerotal<\/h5>\n<p class=\"p1\"><strong>Sonja Schweiger<\/strong><br \/>\nHeilpraktikerin<br \/>\nMitglied im Verband der Osteopathen VOD<br \/>\nRegistriert bei gesetzlichen Krankenkassen<\/p>\n<p>Wilhelminenstr. 32<br \/>\n65193 Wiesbaden<\/p>\n<p>Telefon: 0611 532 37 73<br \/>\n<a href=\"mailto:praxis@osteopathie-wiesbaden.info\">praxis@osteopathie-wiesbaden.info<\/a><\/p>\n<p>&nbsp;<\/p>\n<h3>Berufshaftpflicht<\/h3>\n<p>Versicherung: Ulrich Versicherungs- und Finanzservice<\/p>\n<p>&nbsp;<\/p>\n<h3>Beruf<\/h3>\n<p>Heilpraktiker<\/p>\n<p>&nbsp;<\/p>\n<h3>Konzeption und Design<\/h3>\n<p><a href=\"mailto:claudia-balzer@online.de\">Claudia Balzer,&nbsp;Werkstatt f\u00fcr Grafik, Wiesbaden<\/a><\/p>\n<p>&nbsp;<\/p>\n<h3>Datenschutzerkl\u00e4rung<\/h3>\n<h5><\/h5>\n<h5>1. Allgemeines<\/h5>\n<p class=\"p1\">Die folgenden Hinweise geben einen \u00dcberblick dar\u00fcber, was mit Ihren personenbezogenen Daten passiert, wenn Sie unsere Website besuchen. Wenn Sie diese Website benutzen, werden verschiedene personenbezogene Daten erhoben. Personenbezogene Daten sind Daten, mit denen Sie pers\u00f6nlich identifiziert werden k\u00f6nnen.<\/p>\n<p>&nbsp;<\/p>\n<h5 class=\"p1\">2. Hinweis zur verantwortlichen Stelle<\/h5>\n<p class=\"p1\">Die verantwortliche Stelle f\u00fcr die Datenverarbeitung auf dieser Website ist:<\/p>\n<p class=\"p1\">Sonja Schweiger<br \/>\nHeilpraktikerin<br \/>\nMitglieder im Verband der Osteopathen VOD<br \/>\nRegistriert bei gesetzlichen Krankenkassen<br \/>\nWilhelminenstr. 32<br \/>\n65193 Wiesbaden<br \/>\nTelefon: 0611 532 37 73<\/p>\n<p class=\"p1\"><a href=\"mailto:praxis@osteopathie-wiesbaden.info\">praxis@osteopathie-wiesbaden.info<\/a><\/p>\n<p class=\"p1\">Verantwortliche Stelle ist die nat\u00fcrliche oder juristische Person, die allein oder gemeinsam mit anderen \u00fcber die Zwecke und Mittel der Verarbeitung von personenbezogenen Daten (z.B. Namen, E-Mail-Adressen o. \u00c4.) entscheidet.<\/p>\n<p>&nbsp;<\/p>\n<h5 class=\"p1\">3. Datenverarbeitung auf unserer Website<\/h5>\n<h6 class=\"p1\">a. Verarbeitete Daten<\/h6>\n<p class=\"p1\">Bei jedem Aufruf unserer Internetseite erfasst das System automatisiert Daten und Informationen von Computersystem des aufrufenden Rechners. Folgende Daten werden hierbei erhoben:<\/p>\n<p class=\"p1\">\u2022 Browsertyp und Browserversion<\/p>\n<p class=\"p1\">\u2022 verwendetes Betriebssystem<\/p>\n<p class=\"p1\">\u2022 Webseite, von denen das System des Nutzers auf unsere Internetseite gelangt<\/p>\n<p class=\"p1\">\u2022 Webseite, die vom System des Nutzers \u00fcber unsere Webseite aufgerufen werden<\/p>\n<p class=\"p1\">\u2022 Hostname des zugreifenden Rechners<\/p>\n<p class=\"p1\">\u2022 Uhrzeit der Serveranfrage<\/p>\n<p class=\"p1\">\u2022 IP-Adresse<\/p>\n<p class=\"p1\">Die vorgenannten Daten werden in den sogenannten Logfiles unseres Systems gespeichert. Hiervon ausgenommen sind die sogenannten IP Adressen oder andere Daten des Nutzers, die die Zuordnung der Daten zu dem Nutzer erm\u00f6glichen. Eine Speicherung der Daten zusammen mit anderen personenbezogenen Daten erfolgt nicht.<\/p>\n<p>&nbsp;<\/p>\n<h6 class=\"p1\">b. Zwecke der Verarbeitung von Daten<\/h6>\n<p class=\"p1\">Die vor\u00fcbergehende Speicherung der Daten ist notwendig, um Ihnen die Inanspruchnahme der Webseite zu erm\u00f6glichen.<\/p>\n<p>&nbsp;<\/p>\n<h6 class=\"p1\">c. Rechtsgrundlage<\/h6>\n<p class=\"p1\">Rechtsgrundlage f\u00fcr die Datenverarbeitung ist Art. 6 Abs. 1 lit. f DSGVO. Die oben genannten Zwecke stellen auch unsere berechtigten Interessen im Sinne des Art. 6 Abs. 1 lit. f DSGVO an der Datenverarbeitung dar.<\/p>\n<p>&nbsp;<\/p>\n<h6 class=\"p1\">d. Weitergabe an Dritte<\/h6>\n<p class=\"p1\">Die personenbezogenen Daten, die auf dieser Webseite verarbeitet werden, werden nicht an Dritte weitergegeben.<\/p>\n<p>&nbsp;<\/p>\n<h6 class=\"p1\">e. Datenl\u00f6schung und Speicherdauer<\/h6>\n<p class=\"p1\">Die personenbezogenen Daten werden gel\u00f6scht, sobald der Zweck der Speicherung entf\u00e4llt, dh. mit Beendigung des Besuchs der Webseite.<\/p>\n<p>&nbsp;<\/p>\n<h6 class=\"p1\">f. Keine gesetzliche oder vertragliche Pflicht zur Datenverarbeitung<\/h6>\n<p class=\"p1\">Die Datenverarbeitung ist zwar nicht gesetzlich oder vertraglich vorgeschrieben, sie ist aber erforderlich, um Ihnen entsprechend dem oben genannten Zweck diese Webseite zur Verf\u00fcgung zu stellen.<\/p>\n<p>&nbsp;<\/p>\n<h5 class=\"p1\">4. Cookies<\/h5>\n<p class=\"p1\">Die Internetseiten verwenden teilweise so genannte Cookies. Cookies dienen dazu, unser Angebot nutzerfreundlicher, effektiver und sicherer zu machen. Cookies sind kleine Textdateien, die auf dem Rechner des Nutzers abgelegt werden und die der Browser des Nutzers speichert.<\/p>\n<p class=\"p1\">Wir nutzen Cookies, um unsere Webseite nutzerfreundlicher zu gestalten. Einige Elemente unserer Webseite machen es erforderlich, dass der aufrufende Browser auch nach einem Seitenwechsel identifiziert werden kann.<\/p>\n<p class=\"p1\">In den Cookies werden dabei folgende Daten gespeichert und \u00fcbermittelt:<\/p>\n<p class=\"p1\">Es folgt eine Auflistung der gespeicherten Daten: Dies k\u00f6nnten sein:<\/p>\n<p class=\"p1\">\u2022 Session-Informationen (sog. Session Cookie)<\/p>\n<p class=\"p1\">\u2022 Log-in-Informationen<\/p>\n<p class=\"p1\">Wir erm\u00f6glichen dar\u00fcber hinaus Cookies, die eine Analyse des Surfverhaltens der Nutzer erm\u00f6glichen.<\/p>\n<p class=\"p1\">\u2022 Google Analytics Cookie (Tracking)<\/p>\n<p class=\"p1\">Datenschutzbestimmungen zu Einsatz und Verwendung von Google Analytics (mit Anonymisierungsfunktion)<\/p>\n<p class=\"p1\">Der f\u00fcr die Verarbeitung Verantwortliche hat auf dieser Internetseite die Komponente Google Analytics (mit Anonymisierungsfunktion) integriert. Google Analytics ist ein Web-Analyse-Dienst. Web-Analyse ist die Erhebung, Sammlung und Auswertung von Daten \u00fcber das Verhalten von Besuchern von Internetseiten. Ein Web-Analyse-Dienst erfasst unter anderem Daten dar\u00fcber, von welcher Internetseite eine betroffene Person auf eine Internetseite gekommen ist (sogenannte Referrer), auf welche Unterseiten der Internetseite zugegriffen oder wie oft und f\u00fcr welche Verweildauer eine Unterseite betrachtet wurde. Eine Web-Analyse wird \u00fcberwiegend zur Optimierung einer Internetseite und zur Kosten-Nutzen-Analyse von Internetwerbung eingesetzt.<\/p>\n<p class=\"p1\">Betreibergesellschaft der Google-Analytics-Komponente ist die Google Inc., 1600 Amphitheatre Pkwy, Mountain View, CA 94043-1351, USA.<\/p>\n<p class=\"p1\">Der f\u00fcr die Verarbeitung Verantwortliche verwendet f\u00fcr die Web-Analyse \u00fcber Google Analytics den Zusatz \u201e_gat._anonymizeIp\u201c. Mittels dieses Zusatzes wird die IP-Adresse des Internetanschlusses der betroffenen Person von Google gek\u00fcrzt und anonymisiert, wenn der Zugriff auf unsere Internetseiten aus einem Mitgliedstaat der Europ\u00e4ischen Union oder aus einem anderen Vertragsstaat des Abkommens \u00fcber den Europ\u00e4ischen Wirtschaftsraum erfolgt.<\/p>\n<p class=\"p1\">Der Zweck der Google-Analytics-Komponente ist die Analyse der Besucherstr\u00f6me auf unserer Internetseite. Google nutzt die gewonnenen Daten und Informationen unter anderem dazu, die Nutzung unserer Internetseite auszuwerten, um f\u00fcr uns Online-Reports, welche die Aktivit\u00e4ten auf unseren Internetseiten aufzeigen, zusammenzustellen, und um weitere mit der Nutzung unserer Internetseite in Verbindung stehende Dienstleistungen zu erbringen.<\/p>\n<p class=\"p1\">Google Analytics setzt ein Cookie auf dem informationstechnologischen System der betroffenen Person. Was Cookies sind, wurde oben bereits erl\u00e4utert. Mit Setzung des Cookies wird Google eine Analyse der Benutzung unserer Internetseite erm\u00f6glicht. Durch jeden Aufruf einer der Einzelseiten dieser Internetseite, die durch den f\u00fcr die Verarbeitung Verantwortlichen betrieben wird und auf welcher eine Google-Analytics-Komponente integriert wurde, wird der Internetbrowser auf dem informationstechnologischen System der betroffenen Person automatisch durch die jeweilige Google-Analytics-Komponente veranlasst, Daten zum Zwecke der Online-Analyse an Google zu \u00fcbermitteln. Im Rahmen dieses technischen Verfahrens erh\u00e4lt Google Kenntnis \u00fcber personenbezogene Daten, wie der IP-Adresse der betroffenen Person, die Google unter anderem dazu dienen, die Herkunft der Besucher und Klicks nachzuvollziehen und in der Folge Provisionsabrechnungen zu erm\u00f6glichen.<\/p>\n<p class=\"p1\">Mittels des Cookies werden personenbezogene Informationen, beispielsweise die Zugriffszeit, der Ort, von welchem ein Zugriff ausging und die H\u00e4ufigkeit der Besuche unserer Internetseite durch die betroffene Person, gespeichert. Bei jedem Besuch unserer Internetseiten werden diese personenbezogenen Daten, einschlie\u00dflich der IP-Adresse des von der betroffenen Person genutzten Internetanschlusses, an Google in den Vereinigten Staaten von Amerika \u00fcbertragen. Diese personenbezogenen Daten werden durch Google in den Vereinigten Staaten von Amerika gespeichert. Google gibt diese \u00fcber das technische Verfahren erhobenen personenbezogenen Daten unter Umst\u00e4nden an Dritte weiter.<\/p>\n<p class=\"p1\">Die betroffene Person kann die Setzung von Cookies durch unsere Internetseite, wie oben bereits dargestellt, jederzeit mittels einer entsprechenden Einstellung des genutzten Internetbrowsers verhindern und damit der Setzung von Cookies dauerhaft widersprechen. Eine solche Einstellung des genutzten Internetbrowsers w\u00fcrde auch verhindern, dass Google ein Cookie auf dem informationstechnologischen System der betroffenen Person setzt. Zudem kann ein von Google Analytics bereits gesetzter Cookie jederzeit \u00fcber den Internetbrowser oder andere Softwareprogramme gel\u00f6scht werden.<\/p>\n<p class=\"p1\">Ferner besteht f\u00fcr die betroffene Person die M\u00f6glichkeit, einer Erfassung der durch Google Analytics erzeugten, auf eine Nutzung dieser Internetseite bezogenen Daten sowie der Verarbeitung dieser Daten durch Google zu widersprechen und eine solche zu verhindern. Hierzu muss die betroffene Person ein Browser-Add-On unter dem Link https:\/\/tools.google.com\/dlpage\/gaoptout herunterladen und installieren. Dieses Browser-Add-On teilt Google Analytics \u00fcber JavaScript mit, dass keine Daten und Informationen zu den Besuchen von Internetseiten an Google Analytics \u00fcbermittelt werden d\u00fcrfen. Die Installation des Browser-Add-Ons wird von Google als Widerspruch gewertet. Wird das informationstechnologische System der betroffenen Person zu einem sp\u00e4teren Zeitpunkt gel\u00f6scht, formatiert oder neu installiert, muss durch die betroffene Person eine erneute Installation des Browser-Add-Ons erfolgen, um Google Analytics zu deaktivieren. Sofern das Browser-Add-On durch die betroffene Person oder einer anderen Person, die ihrem Machtbereich zuzurechnen ist, deinstalliert oder deaktiviert wird, besteht die M\u00f6glichkeit der Neuinstallation oder der erneuten Aktivierung des Browser-Add-Ons.<\/p>\n<p class=\"p1\">Weitere Informationen und die geltenden Datenschutzbestimmungen von Google k\u00f6nnen unter https:\/\/www.google.de\/intl\/de\/policies\/privacy\/ und unter http:\/\/www.google.com\/analytics\/terms\/de.html abgerufen werden. Google Analytics wird unter diesem Link https:\/\/www.google.com\/intl\/de_de\/analytics\/ genauer erl\u00e4utert.<\/p>\n<p>&nbsp;<\/p>\n<h6 class=\"p1\">Rechtsgrundlage<\/h6>\n<p class=\"p1\">Die Rechtsgrundlage f\u00fcr die Verwendung von Cookies ist Art. 6 Abs. 1 lit. f DSGVO.<\/p>\n<p>&nbsp;<\/p>\n<h6 class=\"p1\">Zweck der Datenverarbeitung<\/h6>\n<p class=\"p1\">Zweck der Verwendung der Cookies ist die Vereinfachung<span class=\"Apple-converted-space\">&nbsp; <\/span>der Webseitennutzung. F\u00fcr folgende Funktionen der Webseite ist eine Wiedererkennung der Besucher durch den Einsatz von Cookies erforderlich:<\/p>\n<p class=\"p1\">Es erfolgt eine Auflistung der Funktionen:<\/p>\n<p class=\"p1\">\u2022 Session-Informationen<\/p>\n<p class=\"p1\">\u2022 Log-in-Informationen<\/p>\n<p class=\"p1\">Die erhobenen Nutzerdaten werden nicht zur Erstellung von Nutzerprofilen verwendet.<\/p>\n<p>&nbsp;<\/p>\n<h6 class=\"p1\">Dauer der Speicherung, Widerspruchs- und Beseitigungsm\u00f6glichkeit<\/h6>\n<p class=\"p1\">Cookies werden auf dem Computer des Nutzes der Webseite gespeichert und Daten von dort an unser System \u00fcbermittelt. Der Nutzer hat die Kontrolle \u00fcber die Verwendung von Cookies. In den Einstellungen des Internetbrowsers kann die \u00dcbertragung von Cookies deaktiviert oder eingeschr\u00e4nkt werden. Gespeicherte Cookies k\u00f6nnen gel\u00f6scht werden. Werden Cookies gel\u00f6scht, k\u00f6nnen ggf. Teile der Webseite nicht mehr uneingeschr\u00e4nkt genutzt werden.<\/p>\n<p>&nbsp;<\/p>\n<h5 class=\"p1\"><span class=\"s1\">5. Plugins und Tools<\/span><\/h5>\n<p>&nbsp;<\/p>\n<h6 class=\"p1\"><span class=\"s1\">Google Web Fonts<\/span><\/h6>\n<p class=\"p1\"><span class=\"s1\">Diese Seite nutzt zur einheitlichen Darstellung von Schriftarten so genannte Web Fonts, die von Google bereitgestellt werden. Beim Aufruf einer Seite l\u00e4dt Ihr Browser die ben\u00f6tigten Web Fonts in ihren Browsercache, um Texte und Schriftarten korrekt anzuzeigen.<\/span><\/p>\n<p class=\"p1\"><span class=\"s1\">Zu diesem Zweck muss der von Ihnen verwendete Browser Verbindung zu den Servern von Google aufnehmen. Hierdurch erlangt Google Kenntnis dar\u00fcber, dass \u00fcber Ihre IP-Adresse unsere Website aufgerufen wurde. Die Nutzung von Google Web Fonts erfolgt im Interesse einer einheitlichen und ansprechenden Darstellung unserer Online-Angebote. Dies stellt ein berechtigtes Interesse im Sinne von Art. 6 Abs. 1 lit. f DSGVO dar.<\/span><\/p>\n<p class=\"p1\"><span class=\"s1\">Wenn Ihr Browser Web Fonts nicht unterst\u00fctzt, wird eine Standardschrift von Ihrem Computer genutzt.<\/span><\/p>\n<p class=\"p1\"><span class=\"s1\">Weitere Informationen zu Google Web Fonts finden Sie unter <a href=\"https:\/\/developers.google.com\/fonts\/faq\"><span class=\"s2\">https:\/\/developers.google.com\/fonts\/faq<\/span><\/a> und in der Datenschutzerkl\u00e4rung von Google: <a href=\"https:\/\/www.google.com\/policies\/privacy\/\"><span class=\"s2\">https:\/\/www.google.com\/policies\/privacy\/<\/span><\/a>.<\/span><\/p>\n<p>&nbsp;<\/p>\n<h6 class=\"p1\"><span class=\"s1\">Google Maps<\/span><\/h6>\n<p class=\"p1\"><span class=\"s1\">Diese Seite nutzt \u00fcber eine API den Kartendienst Google Maps. Anbieter ist die Google Inc., 1600 Amphitheatre Parkway, Mountain View, CA 94043, USA.<\/span><\/p>\n<p class=\"p1\"><span class=\"s1\">Zur Nutzung der Funktionen von Google Maps ist es notwendig, Ihre IP Adresse zu speichern. Diese Informationen werden in der Regel an einen Server von Google in den USA \u00fcbertragen und dort gespeichert. Der Anbieter dieser Seite hat keinen Einfluss auf diese Daten\u00fcbertragung.<\/span><\/p>\n<p>&nbsp;<\/p>\n<h5 class=\"p1\">6. Rechte des Betroffenen<\/h5>\n<h6 class=\"p1\">a. Widerruf der Einwilligung zur Datenverarbeitung<\/h6>\n<p class=\"p1\">Viele Datenverarbeitungsvorg\u00e4nge sind nur mit Ihrer ausdr\u00fccklichen Einwilligung m\u00f6glich. Sie k\u00f6nnen eine bereits erteilte Einwilligung jederzeit widerrufen. Dazu reicht eine formlose Mitteilung per E-Mail an uns. Die Rechtm\u00e4\u00dfigkeit der bis zum Widerruf erfolgten Datenverarbeitung bleibt vom Widerruf unber\u00fchrt.<\/p>\n<p>&nbsp;<\/p>\n<h6 class=\"p1\">b. Beschwerderecht bei der zust\u00e4ndigen Aufsichtsbeh\u00f6rde<\/h6>\n<p class=\"p1\">Im Falle datenschutzrechtlicher Verst\u00f6\u00dfe steht dem Betroffenen ein Beschwerderecht bei der zust\u00e4ndigen Aufsichtsbeh\u00f6rde zu. Zust\u00e4ndige Aufsichtsbeh\u00f6rde in datenschutzrechtlichen Fragen ist grunds\u00e4tzlich der Landesdatenschutzbeauftragte des Bundeslandes, in dem unser Unternehmen seinen Sitz hat. Eine Liste der Datenschutzbeauftragten sowie deren Kontaktdaten k\u00f6nnen folgendem Link entnommen werden: https:\/\/www.bfdi.bund.de\/DE\/Infothek\/Anschriften_Links\/anschriften_links-node.html.<\/p>\n<p>&nbsp;<\/p>\n<h6 class=\"p1\">c. Auskunft, Sperrung, L\u00f6schung, Berichtigung, Einschr\u00e4nkung der Datenverarbeitung, Widerspruchsrecht<\/h6>\n<p class=\"p1\">Sie haben im Rahmen der geltenden gesetzlichen Bestimmungen jederzeit das Recht auf unentgeltliche Auskunft \u00fcber Ihre gespeicherten personenbezogenen Daten, deren Herkunft und Empf\u00e4nger und den Zweck der Datenverarbeitung und ein Recht auf Berichtigung, Sperrung oder L\u00f6schung dieser Daten sowie der Einschr\u00e4nkung der Verarbeitung sowie ein Recht auf Widerspruch gegen die Datenverarbeitung. Hierzu sowie zu weiteren Fragen zum Thema personenbezogene Daten k\u00f6nnen Sie sich jederzeit unter der im Impressum angegebenen Adresse an uns wenden.<\/p>\n<p>&nbsp;<\/p>\n<h6 class=\"p1\">d. Recht auf Daten\u00fcbertragbarkeit<\/h6>\n<p class=\"p1\">Sie haben das Recht, Daten, die wir auf Grundlage Ihrer Einwilligung oder in Erf\u00fcllung eines Vertrags automatisiert verarbeiten, an sich oder an einen Dritten in einem g\u00e4ngigen, maschinenlesbaren Format aush\u00e4ndigen zu lassen. Sofern Sie die direkte \u00dcbertragung der Daten an einen anderen Verantwortlichen verlangen, erfolgt dies nur, soweit es technisch machbar ist.<\/p>\n<p>&nbsp;<\/p>\n<h5 class=\"p1\">7. Automatisierte Entscheidungsfindung<\/h5>\n<p class=\"p1\">Ein Verfahren zur automatisierten Entscheidungsfindung kommt nicht zum Einsatz.<\/p>\n<p>&nbsp;<\/p>\n<h5 class=\"p1\">8. SSL- bzw. TLS-Verschl\u00fcsselung<\/h5>\n<p class=\"p1\">Diese Seite nutzt aus Sicherheitsgr\u00fcnden und zum Schutz der \u00dcbertragung vertraulicher Inhalte, wie zum Beispiel Bestellungen oder Anfragen, die Sie an uns als Seitenbetreiber senden, eine SSL-bzw. TLS-Verschl\u00fcsselung. Eine verschl\u00fcsselte Verbindung erkennen Sie daran, dass die Adresszeile des Browsers von \u201chttp:\/\/\u201d auf \u201chttps:\/\/\u201d wechselt und an dem Schloss-Symbol in Ihrer Browserzeile.<\/p>\n<p class=\"p1\">Wenn die SSL- bzw. TLS-Verschl\u00fcsselung aktiviert ist, k\u00f6nnen die Daten, die Sie an uns \u00fcbermitteln, nicht von Dritten mitgelesen werden.<\/p>\n<p>&nbsp;<\/p>\n<h5 class=\"p1\">9. Datenschutzbeauftragter<\/h5>\n<p class=\"p1\">Zur Benennung eines Datenschutzbeauftragten sind wir nicht verpflichtet.<\/p>\n<p class=\"p1\">Stand: Mai 2018<\/p>\n<p>&nbsp;<\/p>\n<h5>Disclaimer<\/h5>\n<p><strong>Haftung f\u00fcr Inhalte unserer Internetseiten<\/strong><\/p>\n<p>Die Inhalte unserer Internetseite werden mit der gr\u00f6\u00dftm\u00f6glichen Sorgfalt erstellt. Wir k\u00f6nnen jedoch keine Garantie f\u00fcr Richtigkeit, Vollst\u00e4ndigkeit und Aktualit\u00e4t geben. Mit dem Namen eines Autors versehene Beitr\u00e4ge geben die Meinung dieses Autors wieder, die nicht mit der Meinung des Anbieters \u00fcbereinstimmen muss.<\/p>\n<p>Gem\u00e4\u00df \u00a7 7 Abs.1 Telemediengesetz (TMG) sind wir als Diensteanbieter f\u00fcr eigene Inhalte auf unseren Internetseiten im Rahmen der allgemeinen Gesetze verantwortlich.<br \/>\nNach den \u00a7\u00a7 8 bis 10 TMG sind wir nicht verpflichtet, fremde Informationen zu \u00fcberwachen, die von uns nur durchgeleitet, \u00fcbermittelt oder gespeichert werden oder aktiv nach Hinweisen auf rechtswidrige T\u00e4tigkeiten zu suchen. Eine Ausnahme besteht dann, wenn wir auf Grund gesetzlicher Vorschriften zur Entfernung oder Sperrung von Inhalten bzw. Informationen sowie zur Sperrung von Nutzungsm\u00f6glichkeiten unserer Internetseiten verpflichtet sind. Wir haften erst von dem Zeitpunkt an, zu dem wir von einer Rechtsverletzung Kenntnis erhalten haben. Sobald wir von einer Rechtsverletzung erfahren, werden wir die betreffenden Inhalte so schnell wie m\u00f6glich von unseren Internetseiten entfernen.<\/p>\n<p><strong>Haftung f\u00fcr Links<\/strong><\/p>\n<p>Auf unseren Internetseite finden Sie Links zu externen Webseiten fremder Seitenbetreiber. Beim Setzen der Verlinkung haben wir gepr\u00fcft, ob auf den verlinkten Seiten Rechtsverst\u00f6\u00dfe erkennbar waren. Verst\u00f6\u00dfe wurden nicht festgestellt. Wir k\u00f6nnen jedoch keine st\u00e4ndige Kontrolle verlinkter Internetseiten durchf\u00fchren. Bitte nehmen Sie zur Kenntnis, dass wir auf den Inhalt von verlinkten Seiten anderer Anbieter keinerlei Einfluss besitzen. Allein deren Betreiber ist f\u00fcr deren Inhalt verantwortlich. Wir k\u00f6nnen daher f\u00fcr die Inhalte verlinkter Seiten keinerlei Haftung \u00fcbernehmen.<\/p>\n<p>Erhalten wir konkrete Hinweise auf eine Rechtsverletzung auf verlinkten Internetseiten, werden wir den Fall pr\u00fcfen und den Link bei Vorliegen einer Rechtsverletzung so schnell wie m\u00f6glich entfernen.<\/p>\n<p><strong>Urheberrecht<\/strong><\/p>\n<p>F\u00fcr die auf unseren Internetseite ver\u00f6ffentlichten Inhalte und Werke aller Art gilt das deutsche Urheberrecht. Jede Bearbeitung, Vervielf\u00e4ltigung, Verbreitung oder Verwertung darf nur mit schriftlicher Zustimmung des jeweiligen Urhebers (z.B. Autor, Fotograf) bzw. Rechteinhabers stattfinden. Downloads und Kopien d\u00fcrfen nur f\u00fcr private, nicht kommerzielle Zwecke vorgenommen werden.<\/p>\n<p>Soweit unsere Internetseite Betr\u00e4ge Dritter wie Fotos oder Texte enthalten, beachten wir deren Urheberrecht und kennzeichnen die jeweiligen Beitr\u00e4ge entsprechend. Finden Sie auf unseren Seiten einen Versto\u00df gegen das Urheberrecht, bitten wir um Mitteilung. Wir werden den entsprechenden Inhalt dann so schnell wie m\u00f6glich von unserer Seite entfernen.<\/p>\n<p>Dieses Impressum wurde erstellt mit dem Impressum-Generator auf <a href=\"http:\/\/www.anwaltssuche.de\/\" rel=\"nofollow\">anwaltssuche.de<\/a><\/p>\n","protected":false},"excerpt":{"rendered":"<p>Anschrift &nbsp; Praxis f\u00fcr Osteopathie im Nerotal Sonja Schweiger Heilpraktikerin Mitglied im Verband der Osteopathen VOD Registriert bei gesetzlichen Krankenkassen Wilhelminenstr. 32 65193 Wiesbaden Telefon: 0611 532 37 73 praxis@osteopathie-wiesbaden.info &nbsp; Berufshaftpflicht Versicherung: Ulrich Versicherungs- und Finanzservice &nbsp; Beruf Heilpraktiker<\/p>\n","protected":false},"author":1,"featured_media":0,"parent":0,"menu_order":0,"comment_status":"closed","ping_status":"closed","template":"","meta":{"footnotes":""},"class_list":["post-23","page","type-page","status-publish","hentry"],"_links":{"self":[{"href":"https:\/\/www.osteopathie-wiesbaden.info\/index.php\/wp-json\/wp\/v2\/pages\/23","targetHints":{"allow":["GET"]}}],"collection":[{"href":"https:\/\/www.osteopathie-wiesbaden.info\/index.php\/wp-json\/wp\/v2\/pages"}],"about":[{"href":"https:\/\/www.osteopathie-wiesbaden.info\/index.php\/wp-json\/wp\/v2\/types\/page"}],"author":[{"embeddable":true,"href":"https:\/\/www.osteopathie-wiesbaden.info\/index.php\/wp-json\/wp\/v2\/users\/1"}],"replies":[{"embeddable":true,"href":"https:\/\/www.osteopathie-wiesbaden.info\/index.php\/wp-json\/wp\/v2\/comments?post=23"}],"version-history":[{"count":28,"href":"https:\/\/www.osteopathie-wiesbaden.info\/index.php\/wp-json\/wp\/v2\/pages\/23\/revisions"}],"predecessor-version":[{"id":916,"href":"https:\/\/www.osteopathie-wiesbaden.info\/index.php\/wp-json\/wp\/v2\/pages\/23\/revisions\/916"}],"wp:attachment":[{"href":"https:\/\/www.osteopathie-wiesbaden.info\/index.php\/wp-json\/wp\/v2\/media?parent=23"}],"curies":[{"name":"wp","href":"https:\/\/api.w.org\/{rel}","templated":true}]}}