{"id":859,"date":"2020-05-18T14:59:13","date_gmt":"2020-05-18T12:59:13","guid":{"rendered":"https:\/\/osteopathie-wiesbaden.info\/?page_id=859"},"modified":"2022-10-18T12:13:05","modified_gmt":"2022-10-18T10:13:05","slug":"ayurveda-massage","status":"publish","type":"page","link":"https:\/\/www.osteopathie-wiesbaden.info\/index.php\/ayurveda-massage\/","title":{"rendered":"Ayurveda-Massage"},"content":{"rendered":"<p><img loading=\"lazy\" decoding=\"async\" class=\"alignleft wp-image-860\" src=\"https:\/\/osteopathie-wiesbaden.info\/wp-content\/uploads\/2020\/05\/Ayuveda-Massage_rgb_72dpi-300x300.jpg\" alt=\"\" width=\"320\" height=\"320\" srcset=\"https:\/\/www.osteopathie-wiesbaden.info\/wp-content\/uploads\/2020\/05\/Ayuveda-Massage_rgb_72dpi-300x300.jpg 300w, https:\/\/www.osteopathie-wiesbaden.info\/wp-content\/uploads\/2020\/05\/Ayuveda-Massage_rgb_72dpi-150x150.jpg 150w, https:\/\/www.osteopathie-wiesbaden.info\/wp-content\/uploads\/2020\/05\/Ayuveda-Massage_rgb_72dpi-270x270.jpg 270w, https:\/\/www.osteopathie-wiesbaden.info\/wp-content\/uploads\/2020\/05\/Ayuveda-Massage_rgb_72dpi-230x230.jpg 230w, https:\/\/www.osteopathie-wiesbaden.info\/wp-content\/uploads\/2020\/05\/Ayuveda-Massage_rgb_72dpi.jpg 463w\" sizes=\"auto, (max-width: 320px) 100vw, 320px\" \/><\/p>\n<p>Viele Menschen in unserer heutigen Zeit, w\u00fcnschen sich mehr innerer Ruhe und Gelassenheit.<br \/>\nWir m\u00fcssen st\u00e4ndig Entscheidungen treffen und uns verantworten.<br \/>\nOft wollen wir es jedem Recht machen und verlieren dabei den Kontakt zu uns selbst,\u00a0 zu unserer inneren Kraft und Geborgenheit.<\/p>\n<p>F\u00fcr mich ist es vor allem wichtig, Sie sehr individuell und einf\u00fchlsam auf Ihren Weg zur\u00fcck zu Ihrer Intuition und innerer St\u00e4rke zu begleiten.<\/p>\n<p>Die einfache und gezielte Anwendung einer Massage beeindruckt mich immer wieder auf\u2019s Neue.<br \/>\nW\u00e4hrend unser Kopf noch in Problemen feststeckt, die hochkompliziert erscheinen, bewirkt diese einfache Behandlung, dass der Geist zur Ruhe kommt und wir Schwierigkeiten pl\u00f6tzlich viel entspannter aus einem anderem Blickwinkel betrachten k\u00f6nnen.<\/p>\n<p>Die Ber\u00fchrung bewirkt eine ganzheitliche Harmonisierung und wir f\u00fchlen uns leichter und gl\u00fccklicher.<br \/>\nUnser K\u00f6rper kann sich entspannen und Schmerzen werden gelindert.<\/p>\n<p>Schon seit meinem 19. Lebensjahr galt mein Interesse der Meditation.<br \/>\nMit 25 Jahren begann ich mit dem Praktizieren von Yoga und bemerkte die positiven Ver\u00e4nderungen an meiner Geisteshaltung und meiner seelischen Verfassung, wenn ich mit meinen K\u00f6rper arbeitete. Beweglichkeit an K\u00f6rper und Geist war die Folge.<\/p>\n<p>Vor einigen Jahren entdeckte ich die entspannende und erdende Wirkung der Ber\u00fchrung.<br \/>\nIch lie\u00df mich schulen in Reiki und Be Shen, einer intuitive Shiatsu-Massage.<\/p>\n<p>Aufgrund meiner jahrelangen Yogapraxis war dann der Schritt zu einer Ausbildung in Ayurveda-Massage f\u00fcr mich sehr naheliegend.<\/p>\n<p>Informieren Sie sich gerne \u00fcber genauere Angebote auf meiner Homepage:\u00a0<a href=\"https:\/\/ayurveda.claudia-balzer.de\/\" target=\"_blank\" rel=\"noopener\">ayurveda.claudia-balzer.de<\/a><\/p>\n<p><em>Ihre<\/em><\/p>\n<h5><span class=\"s1\"><span style=\"font-size: 16px;\"><a href=\"https:\/\/ayurveda.claudia-balzer.de\/wp-content\/uploads\/2020\/06\/LOGO_AyurvedaMassage_72_rgb.jpg\"><img loading=\"lazy\" decoding=\"async\" class=\" wp-image-408 alignleft\" src=\"https:\/\/ayurveda.claudia-balzer.de\/wp-content\/uploads\/2020\/06\/LOGO_AyurvedaMassage_72_rgb.jpg\" alt=\"\" width=\"135\" height=\"307\" \/><\/a><\/span><\/span><\/h5>\n<p><em><strong>Claudia Balzer<\/strong><\/em><\/p>\n<p><span class=\"s1\"><b>Ayurveda-Massage Therapeutin<br \/>\n<\/b><\/span>Reikigrad 1 \/ BenShen Massage<\/p>\n<p>Wilhelminenstra\u00dfe 32<br \/>\n65193\u00a0Wiesbaden<\/p>\n<p>fon\u00a0 0611\u00a0 <span class=\"s1\">13760180<\/span><\/p>\n<p><a href=\"https:\/\/ayurveda.claudia-balzer.de\/\" target=\"_blank\" rel=\"noopener\">ayurveda.claudia-balzer.de<\/a><br \/>\n<a href=\"mailto:grafik@claudia-balzer.de\">ayurveda@claudia-balzer.de<\/a><\/p>\n<h5 class=\"p1\" style=\"text-align: left;\">Praxis f\u00fcr Osteopathie im Nerotal<img loading=\"lazy\" decoding=\"async\" class=\"size-medium wp-image-72 alignleft\" src=\"http:\/\/osteopathie-wiesbaden.eu\/wp-content\/uploads\/2016\/01\/Logo-Osteopathie-lang-151x300.jpg\" alt=\"Logo-Osteopathie-lang\" width=\"151\" height=\"300\" srcset=\"https:\/\/www.osteopathie-wiesbaden.info\/wp-content\/uploads\/2016\/01\/Logo-Osteopathie-lang-151x300.jpg 151w, https:\/\/www.osteopathie-wiesbaden.info\/wp-content\/uploads\/2016\/01\/Logo-Osteopathie-lang.jpg 428w\" sizes=\"auto, (max-width: 151px) 100vw, 151px\" \/><\/h5>\n<p class=\"p1\"><strong>Sonja Schweiger<\/strong><br \/>\nHeilpraktikerin<br \/>\nMitglied im Verband der Osteopathen VOD<br \/>\nRegistriert bei gesetzlichen Krankenkassen<\/p>\n<p>Wilhelminenstr. 32<br \/>\n65193 Wiesbaden<\/p>\n<p>Telefon: 0611 532 37 73<br \/>\n<a href=\"mailto:praxis@osteopathie-wiesbaden.info\">praxis@osteopathie-wiesbaden.info<\/a><\/p>\n","protected":false},"excerpt":{"rendered":"<p>Viele Menschen in unserer heutigen Zeit, w\u00fcnschen sich mehr innerer Ruhe und Gelassenheit. Wir m\u00fcssen st\u00e4ndig Entscheidungen treffen und uns verantworten. Oft wollen wir es jedem Recht machen und verlieren dabei den Kontakt zu uns selbst,\u00a0 zu unserer inneren Kraft<\/p>\n","protected":false},"author":1,"featured_media":0,"parent":0,"menu_order":0,"comment_status":"closed","ping_status":"closed","template":"","meta":{"footnotes":""},"class_list":["post-859","page","type-page","status-publish","hentry"],"_links":{"self":[{"href":"https:\/\/www.osteopathie-wiesbaden.info\/index.php\/wp-json\/wp\/v2\/pages\/859","targetHints":{"allow":["GET"]}}],"collection":[{"href":"https:\/\/www.osteopathie-wiesbaden.info\/index.php\/wp-json\/wp\/v2\/pages"}],"about":[{"href":"https:\/\/www.osteopathie-wiesbaden.info\/index.php\/wp-json\/wp\/v2\/types\/page"}],"author":[{"embeddable":true,"href":"https:\/\/www.osteopathie-wiesbaden.info\/index.php\/wp-json\/wp\/v2\/users\/1"}],"replies":[{"embeddable":true,"href":"https:\/\/www.osteopathie-wiesbaden.info\/index.php\/wp-json\/wp\/v2\/comments?post=859"}],"version-history":[{"count":17,"href":"https:\/\/www.osteopathie-wiesbaden.info\/index.php\/wp-json\/wp\/v2\/pages\/859\/revisions"}],"predecessor-version":[{"id":906,"href":"https:\/\/www.osteopathie-wiesbaden.info\/index.php\/wp-json\/wp\/v2\/pages\/859\/revisions\/906"}],"wp:attachment":[{"href":"https:\/\/www.osteopathie-wiesbaden.info\/index.php\/wp-json\/wp\/v2\/media?parent=859"}],"curies":[{"name":"wp","href":"https:\/\/api.w.org\/{rel}","templated":true}]}}

<p><img loading="lazy" decoding="async" class="alignleft wp-image-860" src="https://osteopathie-wiesbaden.info/wp-content/uploads/2020/05/Ayuveda-Massage_rgb_72dpi-300x300.jpg" alt="" width="320" height="320" srcset="https://www.osteopathie-wiesbaden.info/wp-content/uploads/2020/05/Ayuveda-Massage_rgb_72dpi-300x300.jpg 300w, https://www.osteopathie-wiesbaden.info/wp-content/uploads/2020/05/Ayuveda-Massage_rgb_72dpi-150x150.jpg 150w, https://www.osteopathie-wiesbaden.info/wp-content/uploads/2020/05/Ayuveda-Massage_rgb_72dpi-270x270.jpg 270w, https://www.osteopathie-wiesbaden.info/wp-content/uploads/2020/05/Ayuveda-Massage_rgb_72dpi-230x230.jpg 230w, https://www.osteopathie-wiesbaden.info/wp-content/uploads/2020/05/Ayuveda-Massage_rgb_72dpi.jpg 463w" sizes="auto, (max-width: 320px) 100vw, 320px" /></p>
<p>Viele Menschen in unserer heutigen Zeit, wünschen sich mehr innerer Ruhe und Gelassenheit.<br />
Wir müssen ständig Entscheidungen treffen und uns verantworten.<br />
Oft wollen wir es jedem Recht machen und verlieren dabei den Kontakt zu uns selbst,  zu unserer inneren Kraft und Geborgenheit.</p>
<p>Für mich ist es vor allem wichtig, Sie sehr individuell und einfühlsam auf Ihren Weg zurück zu Ihrer Intuition und innerer Stärke zu begleiten.</p>
<p>Die einfache und gezielte Anwendung einer Massage beeindruckt mich immer wieder auf’s Neue.<br />
Während unser Kopf noch in Problemen feststeckt, die hochkompliziert erscheinen, bewirkt diese einfache Behandlung, dass der Geist zur Ruhe kommt und wir Schwierigkeiten plötzlich viel entspannter aus einem anderem Blickwinkel betrachten können.</p>
<p>Die Berührung bewirkt eine ganzheitliche Harmonisierung und wir fühlen uns leichter und glücklicher.<br />
Unser Körper kann sich entspannen und Schmerzen werden gelindert.</p>
<p>Schon seit meinem 19. Lebensjahr galt mein Interesse der Meditation.<br />
Mit 25 Jahren begann ich mit dem Praktizieren von Yoga und bemerkte die positiven Veränderungen an meiner Geisteshaltung und meiner seelischen Verfassung, wenn ich mit meinen Körper arbeitete. Beweglichkeit an Körper und Geist war die Folge.</p>
<p>Vor einigen Jahren entdeckte ich die entspannende und erdende Wirkung der Berührung.<br />
Ich ließ mich schulen in Reiki und Be Shen, einer intuitive Shiatsu-Massage.</p>
<p>Aufgrund meiner jahrelangen Yogapraxis war dann der Schritt zu einer Ausbildung in Ayurveda-Massage für mich sehr naheliegend.</p>
<p>Informieren Sie sich gerne über genauere Angebote auf meiner Homepage: <a href="https://ayurveda.claudia-balzer.de/" target="_blank" rel="noopener">ayurveda.claudia-balzer.de</a></p>
<p><em>Ihre</em></p>
<h5><span class="s1"><span style="font-size: 16px;"><a href="https://ayurveda.claudia-balzer.de/wp-content/uploads/2020/06/LOGO_AyurvedaMassage_72_rgb.jpg"><img loading="lazy" decoding="async" class=" wp-image-408 alignleft" src="https://ayurveda.claudia-balzer.de/wp-content/uploads/2020/06/LOGO_AyurvedaMassage_72_rgb.jpg" alt="" width="135" height="307" /></a></span></span></h5>
<p><em><strong>Claudia Balzer</strong></em></p>
<p><span class="s1"><b>Ayurveda-Massage Therapeutin<br />
</b></span>Reikigrad 1 / BenShen Massage</p>
<p>Wilhelminenstraße 32<br />
65193 Wiesbaden</p>
<p>fon  0611  <span class="s1">13760180</span></p>
<p><a href="https://ayurveda.claudia-balzer.de/" target="_blank" rel="noopener">ayurveda.claudia-balzer.de</a><br />
<a href="mailto:grafik@claudia-balzer.de">ayurveda@claudia-balzer.de</a></p>
<h5 class="p1" style="text-align: left;">Praxis für Osteopathie im Nerotal<img loading="lazy" decoding="async" class="size-medium wp-image-72 alignleft" src="http://osteopathie-wiesbaden.eu/wp-content/uploads/2016/01/Logo-Osteopathie-lang-151x300.jpg" alt="Logo-Osteopathie-lang" width="151" height="300" srcset="https://www.osteopathie-wiesbaden.info/wp-content/uploads/2016/01/Logo-Osteopathie-lang-151x300.jpg 151w, https://www.osteopathie-wiesbaden.info/wp-content/uploads/2016/01/Logo-Osteopathie-lang.jpg 428w" sizes="auto, (max-width: 151px) 100vw, 151px" /></h5>
<p class="p1"><strong>Sonja Schweiger</strong><br />
Heilpraktikerin<br />
Mitglied im Verband der Osteopathen VOD<br />
Registriert bei gesetzlichen Krankenkassen</p>
<p>Wilhelminenstr. 32<br />
65193 Wiesbaden</p>
<p>Telefon: 0611 532 37 73<br />
<a href="mailto:praxis@osteopathie-wiesbaden.info">praxis@osteopathie-wiesbaden.info</a></p>

<p>Viele Menschen in unserer heutigen Zeit, wünschen sich mehr innerer Ruhe und Gelassenheit. Wir müssen ständig Entscheidungen treffen und uns verantworten. Oft wollen wir es jedem Recht machen und verlieren dabei den Kontakt zu uns selbst,  zu unserer inneren Kraft</p>
